3. Give w(5).
-8
Let q(t) = 1511*t + 17257. Give q(-12).
-875
Let f(l) = 49*l**3 - 29035*l**2 - 29032*l + 2. What is f(-1)?
-50
Let z(c) = 407*c**2 - 395*c - 11. Give z(1).
1
Let q(f) = -2557208*f + 5114412. Give q(2).
-4
Let s(u) = 34087*u - 204516. Give s(6).
6
Let r(v) = 3*v**2 - 704*v - 178489. Calculate r(388).
-9
Let y(x) = 95321*x**2 - 190638*x + 5. Determine y(2).
13
Let m(b) = 8*b**2 + 655*b - 6. Determine m(0).
-6
Let h(z) = 25767*z - 360742. What is h(14)?
-4
Let f(c) = -7*c**2 + 845*c + 227. What is f(122)?
-871
Let t(z) = 132*z + 950. Give t(-11).
-502
Let x(k) = -5*k**2 - 151*k - 1056. Calculate x(-24).
-312
Let u(c) = -3836*c - 61203. Determine u(-16).
173
Let u(y) = -y**3 + 65*y**2 + 7506*y + 376. Calculate u(-60).
16
Let k(s) = 212*s + 4499. Determine k(-21).
47
Let o(p) = p**2 - 561*p - 11018. Calculate o(-20).
602
Let x(b) = 105*b**3 + 9*b**2 - 19*b - 1. Determine x(2).
837
Let f(b) = 3*b**3 - 31*b**2 + 76*b - 30. What is f(10)?
630
Let y(k) = -k**3 + 159*k**2 - 1905*k + 945. Calculate y(146).
-77
Let m(q) = -q**2 + 288*q + 1812. Determine m(-6).
48
Let n(w) = 122*w**2 + 2721*w + 3358. Give n(-21).
19
Let l(i) = 40*i**2 - 5695*i - 123. Calculate l(142).
-2253
Let u(x) = -2*x**2 + 146*x - 714. Give u(55).
1266
Let v(o) = 3*o**3 - 38*o**2 + 17*o + 181. Determine v(12).
97
Let a(x) = -17*x**2 + 1035*x + 213. Calculate a(61).
91
Let q(p) = -130956*p + 785733. Determine q(6).
-3
Let m(f) = -f**3 + 16*f**2 + 529*f - 314. What is m(32)?
230
Let z(b) = 364*b**3 - 934*b**2 + 7*b - 7. Calculate z(3).
1436
Let f(z) = 2*z**2 + 42*z - 1024. Calculate f(-39).
380
Let j(a) = -853*a + 4622. Determine j(4).
1210
Let c(j) = -3*j**3 - 4*j**2 + 26*j + 414. What is c(-9)?
2043
Let c(a) = -2*a**3 - 18*a**2 + 274*a + 30. Calculate c(8).
46
Let u(a) = 2*a**3 + 40*a**2 + 175*a + 3665. Give u(-20).
165
Let s(w) = -4*w**2 - 761*w - 8874. Give s(-12).
-318
Let d(v) = 3*v**3 - 731*v**2 + 1309*v - 199999. What is d(243)?
-10
Let q(n) = 97*n**3 + 986*n**2 + 161*n + 20. Give q(-10).
10
Let t(a) = -17*a**3 - 325*a**2 - 27*a - 15. Calculate t(-19).
-224
Let f(t) = -2452*t - 72260. Determine f(-29).
-1152
Let q(p) = 270*p + 2245. What is q(-6)?
625
Let w(u) = 52*u**3 - u**2 + 1822*u + 1824. What is w(-1)?
-51
Let r(q) = q**3 + 49*q**2 - 1966*q - 96291. What is r(-49)?
43
Let r(x) = x**2 - 16450*x - 5144402. What is r(-307)?
-3
Let a(q) = -q**2 - 19333*q - 58001. Calculate a(-3).
-11
Let g(k) = -516*k + 29986. Determine g(58).
58
Let p(h) = -h**3 + 31*h**2 - 67*h + 14. Calculate p(28).
490
Let g(c) = 6*c**3 - 5*c**2 - 247*c + 758. Give g(3).
134
Let v(y) = -240*y + 4192. Calculate v(23).
-1328
Let j(c) = -c**3 + 29*c**2 + 14*c - 1531. Determine j(28).
-355
Let f(w) = -w**2 + 577*w - 11117. What is f(20)?
23
Let w(v) = 7*v**2 + 2025*v - 24991. What is w(12)?
317
Let q(d) = 17*d**2 - 4464*d + 234468. Calculate q(190).
8
Let s(t) = -2*t**3 - 9*t**2 + 82*t + 297. Give s(-8).
89
Let y(t) = -11*t**2 + 4751*t + 24478. Calculate y(437).
6
Let o(d) = -80*d + 1231. Calculate o(36).
-1649
Let y(b) = b**3 - 5*b**2 + 622*b - 1828. Determine y(3).
20
Let l(n) = n**3 + 38*n**2 - 119*n - 1491. Calculate l(-40).
69
Let f(w) = -22*w**2 + 58*w + 240. What is f(-5)?
-600
Let q(b) = 270*b**2 - 1960*b + 1662. Determine q(1).
-28
Let h(x) = 11478*x**2 + 103304*x + 16. Determine h(-9).
-2
Let i(a) = -2*a**3 - 28*a**2 - 77*a + 64. Calculate i(-8).
-88
Let c(d) = -139*d - 34847. Give c(-255).
598
Let w(m) = 1128*m + 1944. Give w(-3).
-1440
Let x(m) = -7960*m + 366107. What is x(46)?
-53
Let z(c) = -15293*c + 25019337. Give z(1636).
-11
Let j(k) = k**3 + 33*k**2 + 84*k - 4. Give j(-2).
-48
Let u(p) = -1867*p + 31791. Calculate u(17).
52
Let u(z) = -25974*z + 493263. What is u(19)?
-243
Let y(u) = 756*u**2 - 23528*u + 2787. Calculate y(31).
-65
Let f(r) = 229*r + 7701. Calculate f(-31).
602
Let c(w) = 131*w**3 + 265*w**2 + 21*w + 24. What is c(-2)?
-6
Let j(d) = d**3 - 350*d**2 + 18086*d - 319. Determine j(63).
-4
Let o(z) = 2*z**3 - 202*z**2 - 44*z + 4467. Calculate o(101).
23
Let q(c) = -4*c**3 + 24*c**2 + 30*c - 150. Determine q(6).
30
Let x(b) = 372*b**3 + 453*b**2 - 3*b + 10. What is x(-3)?
-5948
Let q(v) = 189*v - 10668. Give q(64).
1428
Let o(n) = 87939*n + 264206. Calculate o(-3).
389
Let g(h) = -130*h**2 - 2*h + 35. What is g(-1)?
-93
Let w(p) = 118*p**2 + 5872*p - 1395. Calculate w(-50).
5
Let v(g) = 2*g**2 + 769*g + 72939. Give v(-175).
-386
Let h(g) = 10*g**2 - 571*g - 2736. Determine h(-5).
369
Let y(l) = l**3 - 46*l**2 + 25*l + 26. Calculate y(45).
-874
Let x(g) = 11668*g + 105006. Calculate x(-9).
-6
Let t(j) = 1331*j + 111211. Calculate t(-84).
-593
Let d(h) = 7*h**2 + 918*h - 7758. Determine d(8).
34
Let k(c) = -177039*c + 8674929. Calculate k(49).
18
Let h(v) = -2*v**2 + 404*v + 4513. Determine h(213).
-173
Let v(s) = 37*s**2 + 169*s + 19. Give v(-7).
649
Let l(u) = -16*u**3 - 5*u**2 - 22*u - 50. What is l(-4)?
982
Let m(f) = 95*f**3 + 3*f**2 - 449*f + 878. What is m(2)?
752
Let c(p) = 24141*p - 1086317. What is c(45)?
28
Let v(w) = -8*w**3 + 20*w**2 + 786*w - 800. What is v(1)?
-2
Let z(v) = 29871*v - 4779356. What is z(160)?
4
Let k(a) = -416220*a + 4578360. Give k(11).
-60
Let o(q) = -3057*q**3 + 5*q**2 + 10*q + 10. Calculate o(-1).
3062
Let c(d) = d**3 - 35*d**2 - 419*d + 1237. What is c(44)?
225
Let r(d) = -4*d**3 - 34*d**2 - 170*d + 9. What is r(-5)?
509
Let c(d) = -436*d - 32347. What is c(-78)?
1661
Let y(f) = -5*f**2 - 996*f - 4791. Calculate y(-5).
64
Let l(c) = 99634*c + 10461594. What is l(-105)?
24
Let f(m) = 27069*m + 245323. What is f(-9)?
1702
Let o(d) = -2041*d + 6082. What is o(3)?
-41
Let w(j) = -365*j**2 + 1080*j + 47. What is w(3)?
2
Let s(l) = -l**2 + 24254*l - 145478. Give s(6).
10
Let f(r) = -49400*r + 345690. What is f(7)?
-110
Let h(r) = -194*r - 651. Determine h(-4).
125
Let m(d) = d**2 - 82*d - 2251. Determine m(100).
-451
Let h(x) = -5*x**3 - 141*x**2 + 28*x + 1410. Give h(-28).
-158
Let h(r) = 884*r - 355568. What is h(402)?
-200
Let g(z) = -28*z**3 - 1199*z**2 + 197*z - 611. Give g(-43).
163
Let h(i) = 1473*i - 65160. Calculate h(44).
-348
Let k(t) = -145*t - 1165. Give k(-9).
140
Let j(c) = -357*c + 8451. What is j(15)?
3096
Let j(u) = -50*u**2 - 392*u - 470. Calculate j(-6).
82
Let i(m) = 12*m**2 + 363*m - 5121. Determine i(14).
2313
Let a(p) = 738*p - 34699. Determine a(47).
-13
Let g(m) = -m**3 + 39*m**2 + 136*m - 271. What is g(42)?
149
Let y(q) = q**3 + 14776*q**2 + 73847*q - 5. Give y(-5).
35
Let t(b) = 270871*b + 14626991. Give t(-54).
-43
Let i(h) = h**2 - 115*h - 7445. What is i(-46)?
-39
Let n(b) = 32*b**2 - 4316*b + 219. Determine n(135).
759
Let q(h) = 4250*h - 95206. What is q(22)?
-1706
Let n(b) = 10*b**2 - 2630*b - 2912. Determine n(264).
-272
Let k(p) = -5*p**3 - 586*p**2 + 474*p + 138. What is k(-118)?
-98
Let i(k) = -k**3 - 195*k**2 + 1412*k - 287. What is i(-202)?
117
Let b(r) = 18180*r + 1000108. Calculate b(-55).
208
Let g(a) = 15301*a + 305708. Give g(-20).
-312
Let p(v) = -149*v - 10261. Calculate p(-71).
318
Let z(m) = -303491*m - 5766365. Give z(-19).
-36
Let t(q) = -695*q + 116894. What is t(168)?
134
Let w(d) = -d**3 + 212*d**2 - 140*d - 14345. What is w(211)?
636
Let w(f) = -69294*f - 276990. What is w(-4)?
186
Let f(j) = j**2 + 5591*j - 67333. Give f(12).
-97
Let o(l) = -l**3 - 13*l**2 + 547*l + 7707. What is o(-22)?
29
Let f(h) = -16511*h**2 - 1139260*h - 71. What is f(-69)?
-2
Let r(l) = 1433*l - 2958. Determine r(2).
-92
Let m(h) = -6*h**2 - 155*h + 149. What is m(-12)?
1145
Let o(m) = 13*m**3 - 120*m**2 + 4*m - 50. Determine o(9).
-257
Let w(q) = 15863*q + 269670. Determine w(-17).
-1
Let q(u) = 2*u**2 - 741*u - 11436. Give q(-15).
129
Let u(q) = q**2 + 639*q + 82342. Calculate u(-179).
2
Let a(h) = h**3 - 261*h**2 + 571*h - 14781. Give a(259).
-1054
Let n(q) = -40*q**3 + 7875*q**2 + 985*q - 6. Give n(197).
-6
Let u(a) = -5*a**2 + 23758*a - 473166. Determine u(20).
-6
Let u(y) = -4*y**3 + 290*y**2 - 161*y + 22423. Determine u(73).
12
Let z(h) = -139*h**2 + 5159*h - 183. What is z(37)?
409
Let l(f) = -205*f**3 - 7601*f**2 - 587*f + 208. Give l(-37).
23
Let f(o) = -o**2 + 11330*o + 1408703. What is f(-123)?
-16
Let t(r) = -35*r + 8560. What is t(102)?
4990
Let v(l) = -3861*l + 547906. Calculate v(142).
